uppose -4*o + 4*f + 240 = 0, -72 = -o - 0*o - g*f. List the prime factors of o.
2, 31
Suppose -4*p = 0, 6*q + 71 = 7*q - 3*p. Suppose q + 81 = 8*z. Suppose -2*i = -0*k - 3*k - 53, i - 4*k - z = 0. What are the prime factors of i?
31
Let b(r) = -9*r + 11. Let k be b(1). Suppose k*i = 8 + 40. What are the prime factors of i?
2, 3
Let i(d) = 77*d - 21. Let z be i(8). Let h = z - 405. Suppose 3*w = s + 23 + 99, 5*w - h = 5*s. List the prime factors of w.
2, 3, 7
Let y(p) = 7*p - 14. Let f be y(-10). Let j = -91 - f. What are the prime factors of (3/(-4))/(j/504)?
2, 3
Suppose -13*b = -22*b - 88*b + 1609909. What are the prime factors of b?
7, 2371
Let u(i) = i**2 + 11*i + 2. Let v be u(-11). Suppose j - m - 54 = -5*m, v*m + 118 = 2*j. What are the prime factors of j?
2, 29
Let d = -484 - -487. Let m(u) = 129*u**2 - 12*u + 18. What are the prime factors of m(d)?
3, 127
Let f be 764/(-6)*357/(-14). Suppose -12*y + 2033 = -f. What are the prime factors of y?
2, 5, 11
Let v(p) = -p**3 - 33*p**2 - 70*p - 2. Suppose 1586 = -0*c + 13*c. Let b = c - 153. List the prime factors of v(b).
2, 3, 41
Suppose -16340 = -6*s + s. Suppose 0 = -8*h + 140 + s. What are the prime factors of h?
2, 3, 71
Suppose 2*x - 200 = -2*a + 6*a, -5*a = -4*x + 394. Suppose 10*d = 7*d + 12. Suppose 2*h - x = -d*q - 2*h, q - 36 = -4*h. What are the prime factors of q?
2, 5
Suppose -4*x + 2*w + 68612 = 0, 5*x - 100986 + 15211 = 5*w. List the prime factors of x.
3, 5717
Let o be ((-3)/15)/((-4)/(-10))*-64. Let k = 37 - o. Suppose -5*s = -4*w - 47, -11*s - k*w = -6*s - 65. What are the prime factors of s?
11
Let w be 1614/(-9) + (-14)/(-6) + -3. Let m = w + 271. What are the prime factors of m?
7, 13
Suppose 0 = 218*h - 74*h - 3873168. List the prime factors of h.
13, 2069
Suppose 3*n - 3021 = -2*c - 0*n, -4*c - n = -6017. What are the prime factors of c?
3, 167
Let y(n) be the third derivative of -n**5/60 + 111*n**3/2 + 2*n**2 + 15. List the prime factors of y(0).
3, 37
Suppose -2*d + 7628 = 8*c - 6*c, d + 3*c = 3818. What are the prime factors of d?
2, 953
Suppose 4*n = -p - 2*p + 12512, -3*p = -2*n + 6274. Suppose n = 3*f + 43*j - 47*j, -3*f - 2*j + 3155 = 0. List the prime factors of f.
1049
Suppose -77*d - 16*d + 3142716 = 8*d. List the prime factors of d.
2, 3, 2593
What are the prime factors of 4/8*(47012 + -8)?
2, 3, 3917
Let n be 5/(1/(-1))*112/(-4). Let o be (8/7)/((-9)/(-126)*2). Suppose o*p - 12 - n = 0. What are the prime factors of p?
19
Let m(c) = -947*c - 4320. What are the prime factors of m(-38)?
2, 71, 223
Let h be (-40)/22 - 8*4/176. What are the prime factors of ((-5)/h)/(-6 - 1394/(-232))?
2, 5, 29
Suppose -4*v - 16 = 0, -5*v - 788 = -d + 8003. List the prime factors of d.
7, 179
Let z(p) = -411*p + 18. Let h(f) = 10*f + 58. Let q be h(-6). What are the prime factors of z(q)?
2, 3, 5, 7
Let h = 13689 + -2238. What are the prime factors of h?
3, 11, 347
Suppose -5*c + 5*r + 45 = 0, 0*c = -4*c - 3*r + 71. Suppose c*s - 163 = 11345. List the prime factors of s.
2, 3, 137
What are the prime factors of (6 - 4)/((-2)/(-192)*4)?
2, 3
Suppose 0 = -5*t + k - 941, 3*k + 561 = 5*t - 8*t. What are the prime factors of (t/16)/((-9)/504)?
2, 7, 47
Let a = 55 + -41. Suppose -a*j - 2889 = -23*j. List the prime factors of j.
3, 107
Suppose 134*y - 4688851 + 405736 = 788383. List the prime factors of y.
37847
Let r(c) = c**2 + 2*c - 8. Let q be 6/10 + ((-192)/20 - -3). Let a be r(q). Suppose a + 14 = 2*h. List the prime factors of h.
3, 5
Suppose 2*n = -2*t + 28172, 10*t - 9*t = -3*n + 42254. What are the prime factors of n?
2, 7, 503
Let u(l) = -l**2 + 4. Let b be u(-3). What are the prime factors of 55/(-275) - (0 + 1191/b)?
2, 7, 17
Let r(n) = 13903*n + 9254. What are the prime factors of r(6)?
2, 181
Suppose 4*s + 4 + 20 = -4*l, -s + l - 2 = 0. Let x be (-3 + 26/(-10) - s)*-320. Suppose -3*d = -271 - x. List the prime factors of d.
3, 29
Suppose 37 = 12*d + 13. Let y(n) = 589*n + 23. What are the prime factors of y(d)?
1201
Let f = -830 + 836. Suppose -f*x - 28 = -232. List the prime factors of x.
2, 17
Let c = -165 + 171. List the prime factors of 7167/36 - c/72.
199
Suppose 0 = -3*o + 2 - 32. Let s(q) = -4*q**3 - 32*q**2 - 4*q + 16. What are the prime factors of s(o)?
2, 107
Let o(n) = -3*n**3 + 18*n**2 + 18*n + 87. List the prime factors of o(-18).
3, 43, 179
Suppose 0*y + 45 = 5*y. Suppose 0 = 2*i + y - 3, -5*m = -4*i - 112. Suppose -2 = -r - 3, 2*d + 4*r - m = 0. What are the prime factors of d?
2, 3
Suppose -c - 16 = -3*c. Suppose c*d = 39 + 1. Suppose 4*y - d*y + 77 = 0. List the prime factors of y.
7, 11
Let s be 314/4 + 12/24. Suppose 141 = 4*q - s. Let y = q + -38. What are the prime factors of y?
17
Suppose -3*k - n - 33 = 3, -46 = 4*k + 2*n. Let v(h) = -5*h + 24340 + 24331 - 48648. List the prime factors of v(k).
2, 11
Let k(a) = -536*a - 714. List the prime factors of k(-8).
2, 1787
Let j(y) = y**2 + y - 1. Let r(n) = -2*n**2 - 4*n. Let z(p) = 3*j(p) + r(p). Let l = -30 + 24. What are the prime factors of z(l)?
3, 13
Let v = -22 - -19. Let q = v + 10. Suppose -4*h + k = -1 - q, h + 5*k - 2 = 0. What are the prime factors of h?
2
What are the prime factors of ((-22719)/(-15) - -7)/(3/10)?
2, 317
Let z = -118 - -225. Let g = 37 - z. List the prime factors of (-2898)/g - 3/(-5).
2, 3, 7
Suppose -3*h + 2*w + 9 = 4, 2*h + 2*w - 20 = 0. Suppose -14*f + 304 = h*f. What are the prime factors of f?
2
Let i = -1376 - -5291. Suppose 0 = n + 14*n - i. What are the prime factors of n?
3, 29
Suppose 17*o + 1425 = -2*o. What are the prime factors of ((-608)/12)/(5/o)?
2, 5, 19
Suppose 7*v - 4*z = 2*v + 138, -3*z - 81 = -3*v. What are the prime factors of (-3212)/66*v/(-4)?
5, 73
Let a = -156 - -1683. What are the prime factors of a?
3, 509
What are the prime factors of -10 - (-25811 + -11) - -15?
3, 8609
Let f(p) = 4*p**2 + 2*p + 5. Let c be f(-5). Let l(r) = -r**2 + 19*r - 46. Let m be l(19). Let x = m + c. List the prime factors of x.
7
Let h(i) = 2*i**2 - 15*i + 4. Let c be h(7). Let p(j) be the first derivative of -22*j**2 - 14*j + 22. What are the prime factors of p(c)?
2, 59
Let u = -475 - -1204. What are the prime factors of u?
3
Let u be (4/5)/((-8546)/1710 - -5). Suppose -458 - u = -10*p. List the prime factors of p.
2, 5
Let o = 327 + -320. Suppose 4*u - 3*a - 1831 = 0, -2*u + 908 = -o*a + 3*a. List the prime factors of u.
2, 5, 23
Suppose 0 = -0*x + 4*x - x. Let j(z) = -z**2 - 5*z + 95. What are the prime factors of j(x)?
5, 19
What are the prime factors of -17 + 13 - (1 + (-4018 - 3))?
2, 251
Let r(w) = 416*w**2 - 6*w - 7. Let x(z) = 412*z**2 - 6*z - 8. Let b(j) = 3*r(j) - 2*x(j). What are the prime factors of b(-1)?
5, 17
List the prime factors of 5914 - (-1 + (-28)/8)/((-21)/28).
2, 7, 211
Let c = -213 - -346. Suppose -5*u = -22 - c. Suppose -36*s = -u*s - 115. List the prime factors of s.
23
Let k = 64 - 63. Suppose 3*y - 5 = -n - 2*y, 2*n - k = -y. Suppose 13*s - 2*s - 1870 = n. What are the prime factors of s?
2, 5, 17
Let j = 39 - 19. Suppose -6132 = 6*d - j*d. Suppose d + 250 = 8*w. What are the prime factors of w?
2, 43
Suppose -40*r + 162*r = 3530551 + 206919. What are the prime factors of r?
5, 11, 557
Let h = -421 + 453. Suppose -14*q = h*q - 53590. What are the prime factors of q?
5, 233
Suppose -6319 = -15*y + 11*y - u, 5*y - 7899 = -u. What are the prime factors of y?
2, 5, 79
Suppose -559 = -13*l + 169. Let n = l - 53. Suppose -g - 5*t = -2*t - 115, -n*g - 4*t + 370 = 0. What are the prime factors of g?
2, 5, 13
Let x(d) = 187*d**3 - 2*d**2 + 1. Let r be x(-1). Let k = r + 756. Let q = -326 + k. What are the prime factors of q?
2, 11
Let r be ((-8)/(-4) + 28)*(-6)/(-4). Let b = r - 57. List the prime factors of (-8805)/(-35) + b/21.
251
Let i(x) = 167*x**3 + 2*x**2 + x - 4. Suppose 4*d - 2 = -5*a, a + 3 = -2*d + 1. What are the prime factors of i(a)?
2, 11, 61
Suppose -2*n - 2668 = -q, 4*n - 10698 = -4*q - n. Suppose -6698 = -5*d - h, 4*h = -0*d - 2*d + q. Suppose d = 10*m - 0*m. List the prime factors of m.
2, 67
Suppose -18*s + 2 = -19*s. List the prime factors of 63468/43*s/(-8).
3, 41
Suppose -151 = 3*y - 154. List the prime factors of y/2*2962 + 4.
3, 5, 11
Suppose -2*d + 174 - 142 = 0. Suppose -2*f - 4*x + 6 = -d, -3*f + 63 = -4*x. Suppose 9*